ue of (7 - 16) + -3 + 8?
-4
What is the value of -3 - (1 - (-4 - (1 - 4)))?
-5
8 + (3 - 5) - (61 + -57)
2
Calculate 0 - 3 - (-9 + 8 + -7).
5
What is (-3 - (-5 + 1 + 7)) + 2?
-4
What is the value of 5 - (-5 + (8 - 2) + -2)?
6
What is the value of 0 + (-1 + 2 - -2 - 3)?
0
What is the value of (-2 + -7 - 2) + (5 - 2)?
-8
Calculate 5 + (-7 - (4 - 12)).
6
-1 + (19 - 3) + -38 + 31
8
Evaluate -22 - (-10 - 3) - -8.
-1
Evaluate 5 - (3 + (-8 - -6)).
4
(10 - 7 - 6) + (-4 - 2)
-9
Evaluate (6 - 0) + (45 - 46).
5
(3 - 10) + 5 + 10
8
What is 6 + -6 - 3 - 1?
-4
What is the value of 1 + 0 + 0 + 4 + -5?
0
What is (-4 - (-2 + -2)) + -5?
-5
What is (-11 - -12) + -1 + -2 + -2?
-4
Calculate (3 - -2) + -14 + 13.
4
-3 - (-20 + 10 - -5)
2
What is -4 - (-8 - (-3 - -1) - -3)?
-1
What is -16 + 13 + (12 - 5)?
4
Evaluate -9 - (-3 + 3) - -14.
5
What is -4 - (3 + -10 - -3 - -3)?
-3
-10 - -7 - -7 - (-1 + 2)
3
What is the value of 1 + (-2 - (-5 - 0)) + -8?
-4
What is the value of -10 + 2 + 13 + (2 - 5)?
2
What is -9 + 12 + (-3 - 2)?
-2
Calculate -4 - (3 - (1 - 2) - 0).
-8
Evaluate (-51 - -54) + (-1 - -3).
5
Evaluate -4 - (-1 + -2) - -3.
2
What is -5 - (-6 - (-4 + 1))?
-2
17 + -6 + -10 - (0 + -3)
4
Calculate 8 + (-4 - -3 - 7 - -2).
2
Calculate (-170 - -161) + -2 + 5.
-6
Evaluate 2 + -3 + -3 - -3.
-1
4 + -3 + (-10 + 2 - -3)
-4
Calculate 1 + (-4 - -10) + -6.
1
Evaluate -3 + (-4 - -11) - 3.
1
1 + (4 - 5) - 2
-2
Calculate (-1 - -2) + (-2 - 1) + 6.
4
What is the value of -1 + 7 - (-4 + 6 + 1)?
3
What is the value of -9 - (-15 + -1) - 9?
-2
What is -2 - -3 - 3 - 0 - 2?
-4
Calculate -3 + -5 + 8 + (1 - 6).
-5
What is 7 + -5 - -3 - -1?
6
What is -8 - (-8 - (0 - 1 - 3))?
-4
Evaluate -8 + 8 + 8 - 9.
-1
What is the value of (0 - -8) + (-5 - -2)?
5
Calculate 3 + -7 - (4 + -4).
-4
Calculate 12 - (0 + -8 + 12 + 3).
5
Evaluate 5 - (-10 + 2 + 14).
-1
Evaluate 7 - (-11 + 20) - -6.
4
What is -2 + -3 - (11 + 6 - 27)?
5
What is the value of -6 + 11 + -17 - -9?
-3
Evaluate 11 + -3 + -10 - (-4 + 1).
1
What is the value of (-5 + -1 - (0 - 3)) + 3?
0
-7 + -5 + 2 + (0 - -2)
-8
Calculate -3 + 3 + -9 + (2 - -1).
-6
What is the value of 4 + (-1 + -3 - -8)?
8
What is the value of -2 - (-2 - (4 + -1))?
3
Evaluate -25 + 25 - (-1 - -6).
-5
1 - (7 - (-1 - -2))
-5
What is -110 - -114 - (0 - (0 + 1))?
5
Evaluate (5 - 4) + 6 + -2 - 9.
-4
Evaluate 1 - (-2 - -6) - -5.
2
What is the value of -2 + -6 - (0 - (-8 - -12))?
-4
What is the value of 2 - ((-8 - -1) + (40 - 38))?
7
Calculate -7 + 1 + 4 - (-6 - 1).
5
Calculate (-5 - 3) + 12 + 3.
7
Calculate 0 - (7 + -10 + -2).
5
What is -67 - -52 - (-11 - 0)?
-4
Evaluate 0 - (0 - 1) - (14 + -12).
-1
7 + (-5 - (-1 + (4 - 1)))
0
-2 - -1 - (-5 - (1 + -2))
3
Evaluate -2 - 3 - (-2 + (-2 - -3)).
-4
Calculate (1 - 0) + -3 - -3.
1
Calculate (-32 - -27) + 1 + 3.
-1
Evaluate (4 - 4) + -9 + 5.
-4
What is the value of (-6 - -4) + 7 + 0?
5
What is -3 - (-7 - (1 + -4))?
1
Calculate (0 - 1) + -2 - (-5 + 5).
-3
4 - (0 - -3 - -4) - 2
-5
(13 - (1 - (0 + -1))) + -6
5
Calculate -9 + -1 + -134 + 144.
0
Calculate -5 + -6 + 2 + -2 + 10.
-1
Evaluate 5 - 6 - (-7 - -1).
5
Evaluate (3 - -6) + -12 + -6.
-9
Evaluate -8 + 9 + -6 + 5.
0
Calculate (15 - 12) + 2 + -2.
3
6 - (-8 + 0 + 5) - 4
5
Calculate 1 - (7 + (5 - 11) + -2).
2
What is the value of (114 - 107) + (-4 - 1)?
2
Evaluate -3 - (-1 + (7 - 4)).
-5
Evaluate 9 - 13 - (2 + -1 - 3).
-2
Calculate -2 - (6 - (8 + -2 - 3)).
-5
Evaluate -84 + 79 + -1 + -1.
-7
Evaluate -7 + 0 - (2 - 6).
-3
Calculate -6 - (1 - -4) - -7.
-4
What is the value of -4 - (-7 - (-7 + 3))?
-1
What is -10 + 27 - 18 - (0 + 2)?
-3
What is (-23 + 6 - -17) + -1 + 0?
-1
Calculate -1 + 5 - (1 + -1).
4
What is -8 - (0 + -5 - 1)?
-2
Calculate 0 + (0 - -3) + -6 + 2.
-1
(3 - (6 + -9)) + -6
0
What is the value of -6 + (7 - 7) + 8?
2
Calculate -1 + -1 + -6 + 9.
1
Evaluate -1 + (-1 - 0) + -7 + 4.
-5
Calculate -1 + (5 - 3 - -1).
2
3 - (2 - 2) - 2
1
What is the value of -1 + 6 - (23 + -21)?
3
Calculate (-5 - (-3 + -1)) + (-4 - -1).
-4
What is the value of (-2 - 1 - (4 + -6)) + 0?
-1
What is -8 + (-1 - -2) + 0?
-7
Calculate -3 + 1 + 5 + -7.
-4
-3 + (2 + -3 + -1 - -5)
0
Evaluate -11 + 9 - 14 - -5.
-11
-2 + 1 - ((-8 - -8) + -1)
0
Evaluate (-7 - -10) + -5 + 1.
-1
Evaluate 2 + (-8 - -7) + -10.
-9
-10 + (14 + -3 - (5 + 0))
-4
What is -3 + (4 + 0 - -4)?
5
Calculate -1 + 4 - (2 - -2).
-1
What is (10 + -6 - -2) + -5?
1
Evaluate -2 + 0 + 0 + -1.
-3
Calculate 1 - 7 - (10 + -14).
-2
Calculate 2 + 1 - (10 + -7).
0
Calculate (4 + -1 - (5 - 1)) + 3.
2
What is -2 + 2 - -3 - 2?
1
What is the value of 10 + 2 - 6 - (0 - -1)?
5
What is the value of (-1 - 1) + -2 + 2 + -3?
-5
(-3 - -6 - (0 - 2)) + -7
-2
-11 - -4 - (0 - 2)
-5
Evaluate 2 + (2 - (3 + -7)) + -7.
1
What is the value of (8 + -18 - 2) + 8?
-4
Calculate (-2 - 8) + 6 + -1.
-5
Calculate 5 - 1 - (-2 + 0).
6
Evaluate -1 - (4 + 6 - 14).
3
What is 3 - (0 - -7) - (24 + -19)?
-9
Evaluate 1 + (0 - 4) - (4 - 6).
-1
Evaluate (3 - 0) + (-43 - -36).
-4
What is -9 + 7 + (8 - 11)?
-5
What is the value of (10 - 1) + (-18 + 8 - -7)?
6
Evaluate -11 + (6 - (3 + -4)).
-4
Evaluate (36 - 25) + (-8 - -3).
6
What is the value of -7 - -7 - (-2 + 8)?
-6
Calculate -1 - (3 - (-2 - -7)) - 2.
-1
Evaluate -6 - ((2 - 2) + -7 + -4).
5
-2 + 2 + 2 + -2
0
What is (6 - (9 + -5)) + 0?
2
Evaluate (3 - -4) + (9 - 13).
3
What is -3 - 4 - (17 - 23)?
-1
Evaluate 0 + -8 + 20 + -20 + 0.
-8
(-1 - (-11 + 14)) + (7 - -1)
4
Calculate 0 - (-6 + 2 + 3 - -1).
0
4 + -19 - -3 - -17
5
Evaluate -2 - 2 - (6 - 6).
-4
Calculate (5 - -2) + (11 - 12).
6
What is the value of 20 + -20 - (-2 + -1)?
3
Evaluate 2 + 4 + -2 + 1.
5
What is -6 + 8 + -1 + 0?
1
19 + -6 + -2 + -9
2
-11 + (-7 - (-5 + -16))
3
What is 1 + 8 - (-36 + 46)?
-1
Evaluate -8 + 8 + -8 + 9.
1
Evaluate -1 - ((4 - 6) + 9).
-8
(20 - 7) + -3 + -10
0
Calculate -3 - 3 - -5 - (0 + -1).
0
What is -2 - ((-5 - -5) + -6)?
4
(-3 - 2) + 61 + -61
-5
8 - (21 - 0) - -18
5
3 + -4 + 6 + -8
-3
Evaluate -1 + -2 - (-10 - (-9 + 0)).
-2
What is the value of (11 - 10) + (0 - 2)?
-1
What is -7 + 4 + -9 + 10?
-2
(11 - (4 + -2)) + -4
5
Calculate (2 + 7 + -6 - -7) + -5.
5
What is the value of 2 + (-12 - -2) - (-146 + 143)?
-5
(1 - -1 - 7) + 0 + 1
-4
Evaluate (-4 - -1) + 2 + 3.
2
-1 + -2 - (-9 + -7 + 7)
6
What is the value of 2 - (1 - -4 - 2)?
-1
Calculate 2 + 6 - (3 - -1).
4
What is the value of -8 + -2 + 8 + 1?
-1
Evaluate -3 + -3 + 0 + 10.
4
What is 5 + (-11 - -2) + -3?
-7
Calculate (-16 - -11) + -12 + 14.
-3
What is -6 + 0 + (-4 - (1 + -7))?
-4
Calculate 0 + -9 - (1 + 0 + -5).
-5
Evaluate -4 + 8 - (1 - -1 - 3).
5
What is (-4 - -3 - -6) + (1 - 2)?
4
(6 - 0) + 1 - (7 + -4)
4
(1 - (3 + 2)) + 5
1
Calculate 1 - (-8 + 1) - (41 - 40).
7
What is the value of (-4 - (-1 - -6 - 1)) + 4?
-4
Evaluate -60 - -59 - (-6 + 1).
4
Calculate 10 + -18 + 8 - 6.
-6
-5 + (5 - 3) + 0
-3
(1 - (1 - (-1 + 1))) + 6
6
-7 - (4 - 13 - -7)
-5
What is (-7 - -1) + 10 - 8?
-4
What is the value of -2 + -4 - (-22 - -17)?
-1
-5 - (-5 + -11 + 11)
0
What is the value of 3 + (1 - -1 - (14 + -11))?
2
What is the value of (6 - (-3 + 6)) + (-4 - 1)?
-2
Evaluate (6 - 0) + -4 - 7.
-5
Evaluate (1 - (-10 - -4)) + -2.
5
What is the value of -6 + -14 + 10 + 7?
-3
Calculate (-3 - -9) + (-3 + 0 - 0).
3
What is the value of 1 + -6 + 0 + 2?
-3
(-4 - (-9 - -4)) + -4
-3
What is 3 - (-2 + -1 + (24 - 19))?
1
What is the value of (-3 - (-7 - -3)) + 2?
3
What is 5 + (5 - 3 - 9 - 1)?
-3
What is 0 + (-2 - -3 - -3) - -1?
5
What is the value of 10 - (-8 - ((-16 - 6) + 8))?
4
Evaluate (-3 - -4) + -3 + -1 - -5.
2
(-2 - (0 - -1)) + 0
-3
1 - (-8 - (7 + -9) - -6)
1
What is the value of 0 + -2 - (-20 + -4 + 20)?
2
What is (3 + 0 - 0) + -6 + 5?
2
Calculate -7 - (8 - (17 + 0)).
2
What is the value of (-2 - 2) + (-3 - (-4 - 7))?
4
What is -3 + -7 + -1 + (-3 - -8)?
-6
Calculate 10 + (-5 - -4) - (-1 - -7).
3
Calculate -2 + 4 - (3 - (-1 + 3)).
1
Calculate 2 - (-2 + 1 + -2 + 3).
2
Evaluate (-2 - (-1 - -1 - 3)) + 1.
2
Calculate -4 + 2 - (-1 + -8 + 9).
-2
(-4 - (-9 - -8)) + -7
-10
What is the value of -5 + (-7 - 0) + 8?
-4
Calculate -3 + -5 + 6 - -7.
5
-2 + 0 + (-4 - -1) + 0
-5
What is the value of -1 - ((0 - 1) + 3) - -1?
-2
What is the value of -1 + 6 + -4 - (1 + -3)?
3
Evaluate 6 - ((34 - 25) + -4 + -1).
2
What is 1 + 5 + (-11 + 5 - 1)?
-1
Evaluate (0 - 2) 